{"id":23168,"date":"2020-11-26T17:50:51","date_gmt":"2020-11-26T16:50:51","guid":{"rendered":"https:\/\/www.pegaso.store\/?post_type=product&#038;p=23168"},"modified":"2025-05-12T13:05:46","modified_gmt":"2025-05-12T11:05:46","slug":"ipad-pro-wi-fi-2020","status":"publish","type":"product","link":"https:\/\/pegasostore.it\/?product=ipad-pro-wi-fi-2020","title":{"rendered":"iPad Pro Wi-Fi (2020)"},"content":{"rendered":"<table width=\"929\">\n<tbody>\n<tr>\n<td width=\"259\">\n<h2>Specifiche Tecniche<\/h2>\n<\/td>\n<td width=\"226\"><\/td>\n<td width=\"234\"><\/td>\n<td width=\"210\"><\/td>\n<\/tr>\n<tr>\n<td>Dimensioni<\/td>\n<td>247,6 x 178,5 x 5,9 mm<\/td>\n<td><\/td>\n<td><\/td>\n<\/tr>\n<tr>\n<td>Peso<\/td>\n<td>471 g<\/td>\n<td><\/td>\n<td><\/td>\n<\/tr>\n<tr>\n<td><\/td>\n<td><\/td>\n<td><\/td>\n<td><\/td>\n<\/tr>\n<tr>\n<td><\/td>\n<td><\/td>\n<td><\/td>\n<td><\/td>\n<\/tr>\n<tr>\n<td>Marca<\/td>\n<td>Apple<\/td>\n<td><\/td>\n<td><\/td>\n<\/tr>\n<tr>\n<td>Sistema operativoi<\/td>\n<td>OS<\/td>\n<td><\/td>\n<td><\/td>\n<\/tr>\n<tr>\n<td>Versione iOS al lancio<\/td>\n<td>13<\/td>\n<td><\/td>\n<td><\/td>\n<\/tr>\n<tr>\n<td><\/td>\n<td><\/td>\n<td><\/td>\n<td><\/td>\n<\/tr>\n<tr>\n<td>\n<h3>Hardware<\/h3>\n<\/td>\n<td><\/td>\n<td>\n<h3>Fotocamera<\/h3>\n<\/td>\n<td><\/td>\n<\/tr>\n<tr>\n<td>CPU<\/td>\n<td>Apple A12Z Bionic<\/td>\n<td>Risoluzione<\/td>\n<td>12 megapixel<\/td>\n<\/tr>\n<tr>\n<td>GPU<\/td>\n<td>Apple GPU 8-core<\/td>\n<td>Apertura focale<\/td>\n<td>\u0192\/1.8<\/td>\n<\/tr>\n<tr>\n<td>Numero core<\/td>\n<td>octa<\/td>\n<td>Dimensione sensore<\/td>\n<td>1\/3&#8243;<\/td>\n<\/tr>\n<tr>\n<td>Frequenza processore<\/td>\n<td>2.5 GHz<\/td>\n<td>Flash fotocamera<\/td>\n<td>Quadruplo a due tonalit\u00e0<\/td>\n<\/tr>\n<tr>\n<td>Processo produttivo<\/td>\n<td>7nm<\/td>\n<td>Stabilizzatore ottico<\/td>\n<td>No<\/td>\n<\/tr>\n<tr>\n<td>RAM<\/td>\n<td>6 GB<\/td>\n<td>Autofocus laser<\/td>\n<td>No<\/td>\n<\/tr>\n<tr>\n<td>Memoria interna (ROM)<\/td>\n<td>128 \/ 256 \/ 512 \/ 1000 GB<\/td>\n<td>Sensore ToF<\/td>\n<td>S\u00ec<\/td>\n<\/tr>\n<tr>\n<td>Memoria espandibile<\/td>\n<td>No<\/td>\n<td>Sensore di spettro colore<\/td>\n<td>No<\/td>\n<\/tr>\n<tr>\n<td>Accelerometro<\/td>\n<td>S\u00ec<\/td>\n<td>Risoluzione video<\/td>\n<td>4K &#8211; 3840 x 2160 pixel<\/td>\n<\/tr>\n<tr>\n<td>Bussola digitale<\/td>\n<td>S\u00ec<\/td>\n<td>FPS video<\/td>\n<td>60 fps<\/td>\n<\/tr>\n<tr>\n<td>Sensore di prossimit\u00e0<\/td>\n<td>No<\/td>\n<td><\/td>\n<td><\/td>\n<\/tr>\n<tr>\n<td>Sensore di luminosit\u00e0<\/td>\n<td>S\u00ec<\/td>\n<td>\n<h3>Seconda fotocamera<\/h3>\n<\/td>\n<td><\/td>\n<\/tr>\n<tr>\n<td>Giroscopio<\/td>\n<td>S\u00ec<\/td>\n<td>Tipologia<\/td>\n<td>Grandangolare<\/td>\n<\/tr>\n<tr>\n<td>Barometro<\/td>\n<td>No<\/td>\n<td>Risoluzione<\/td>\n<td>10 megapixel<\/td>\n<\/tr>\n<tr>\n<td>Lettore Impronte digitali<\/td>\n<td>No<\/td>\n<td>Apertura focale<\/td>\n<td>\u0192\/2.4<\/td>\n<\/tr>\n<tr>\n<td>Sblocco volto 3D<\/td>\n<td>No<\/td>\n<td><\/td>\n<td><\/td>\n<\/tr>\n<tr>\n<td>Microfono riduzione rumore<\/td>\n<td>S\u00ec<\/td>\n<td>\n<h3>Fotocamera frontale<\/h3>\n<\/td>\n<td><\/td>\n<\/tr>\n<tr>\n<td><\/td>\n<td><\/td>\n<td>Risoluzione (frontale)<\/td>\n<td>7 megapixel<\/td>\n<\/tr>\n<tr>\n<td>\n<h3>Connessioni<\/h3>\n<\/td>\n<td><\/td>\n<td>Apertura focale (frontale)<\/td>\n<td>\u0192\/2.2<\/td>\n<\/tr>\n<tr>\n<td>Connettivit\u00e0 mobile<\/td>\n<td>No<\/td>\n<td>Stabilizzatore ottico (frontale)<\/td>\n<td>No<\/td>\n<\/tr>\n<tr>\n<td>Modulo telefonico<\/td>\n<td>No<\/td>\n<td>Flash fotocamera frontale<\/td>\n<td>No<\/td>\n<\/tr>\n<tr>\n<td>Wi-Fi<\/td>\n<td>a\/b\/g\/n\/ac\/ax<\/td>\n<td>Sensore ToF (frontale)<\/td>\n<td>No<\/td>\n<\/tr>\n<tr>\n<td>Bluetooth<\/td>\n<td>5.0<\/td>\n<td><\/td>\n<td><\/td>\n<\/tr>\n<tr>\n<td>Porta Infrarossi<\/td>\n<td>No<\/td>\n<td>\n<h3>Batteria<\/h3>\n<\/td>\n<td><\/td>\n<\/tr>\n<tr>\n<td>NFC<\/td>\n<td>No<\/td>\n<td>Batteria<\/td>\n<td>7800 mAh<\/td>\n<\/tr>\n<tr>\n<td>GPS<\/td>\n<td>No<\/td>\n<td>Batteria removibile<\/td>\n<td>No<\/td>\n<\/tr>\n<tr>\n<td>GLONASS<\/td>\n<td>No<\/td>\n<td>Ricarica rapida<\/td>\n<td>S\u00ec, 18W<\/td>\n<\/tr>\n<tr>\n<td>Radio FM<\/td>\n<td>No<\/td>\n<td>Ricarica wireless<\/td>\n<td>No<\/td>\n<\/tr>\n<tr>\n<td>Jack audio<\/td>\n<td>No<\/td>\n<td><\/td>\n<td><\/td>\n<\/tr>\n<tr>\n<td>Tipo ingresso USB<\/td>\n<td>USB Type-C 3.1<\/td>\n<td><\/td>\n<td><\/td>\n<\/tr>\n<tr>\n<td><\/td>\n<td><\/td>\n<td><\/td>\n<td><\/td>\n<\/tr>\n<tr>\n<td>\n<h3>Display 12,9 pollici<\/h3>\n<\/td>\n<td><\/td>\n<td>\n<h3>Display 11 pollici<\/h3>\n<\/td>\n<td><\/td>\n<\/tr>\n<tr>\n<td>Tecnologia display<\/td>\n<td>IPS LCD<\/td>\n<td>Tecnologia display<\/td>\n<td>IPS LCD<\/td>\n<\/tr>\n<tr>\n<td>Risoluzione display<\/td>\n<td>2048 x 2732 pixel<\/td>\n<td>Risoluzione display<\/td>\n<td>1668 x 2388 pixel<\/td>\n<\/tr>\n<tr>\n<td>Densit\u00e0 pixel<\/td>\n<td>265 ppi<\/td>\n<td>Densit\u00e0 pixel<\/td>\n<td>265 ppi<\/td>\n<\/tr>\n<tr>\n<td>Dimensione display<\/td>\n<td>12,9 pollici<\/td>\n<td>Dimensione display<\/td>\n<td>11 pollici<\/td>\n<\/tr>\n<tr>\n<td>Frequenza aggiornamento display<\/td>\n<td>120 Hz<\/td>\n<td>Frequenza aggiornamento display<\/td>\n<td>120 Hz<\/td>\n<\/tr>\n<tr>\n<td>Formato display<\/td>\n<td>16:09<\/td>\n<td>Formato display<\/td>\n<td>16:09<\/td>\n<\/tr>\n<tr>\n<td>HDR<\/td>\n<td>No<\/td>\n<td>HDR<\/td>\n<td>No<\/td>\n<\/tr>\n<tr>\n<td>Force Touch<\/td>\n<td>No<\/td>\n<td>Force Touch<\/td>\n<td>No<\/td>\n<\/tr>\n<\/tbody>\n<\/table>\n","protected":false},"excerpt":{"rendered":"<p style=\"text-align: justify;\"><strong>Apple iPad Pro 11 (2020)<\/strong> \u00e8 un tablet con display da <strong>11 o 12,9 pollici<\/strong> realizzato in tecnologia IPS LCD. La sua densit\u00e0 di pixel \u00e8 di 265 ppi con una risoluzione di 1668 x 2388 pixel. La risoluzione della fotocamera posteriore \u00e8 di <strong>12 megapixel<\/strong>, mentre quella frontale \u00e8 da 7 megapixel. \u00c8 possibile registrare video a 4K &#8211; 3840 x 2160 pixel e corredato di led flash Quadruplo a due tonalit\u00e0. Il processore di questo dispositivo \u00e8 un <strong>Apple A12Z Bionic<\/strong> octa con supporto a 64 bit con frequenza di 2.5 GHz e processore grafico Apple GPU 8-core. Fornito di <strong>6 GB<\/strong> di RAM.<\/p>\n","protected":false},"featured_media":23203,"comment_status":"open","ping_status":"closed","template":"","meta":[],"product_cat":[98],"product_tag":[],"_links":{"self":[{"href":"https:\/\/pegasostore.it\/index.php?rest_route=\/wp\/v2\/product\/23168"}],"collection":[{"href":"https:\/\/pegasostore.it\/index.php?rest_route=\/wp\/v2\/product"}],"about":[{"href":"https:\/\/pegasostore.it\/index.php?rest_route=\/wp\/v2\/types\/product"}],"replies":[{"embeddable":true,"href":"https:\/\/pegasostore.it\/index.php?rest_route=%2Fwp%2Fv2%2Fcomments&post=23168"}],"wp:featuredmedia":[{"embeddable":true,"href":"https:\/\/pegasostore.it\/index.php?rest_route=\/wp\/v2\/media\/23203"}],"wp:attachment":[{"href":"https:\/\/pegasostore.it\/index.php?rest_route=%2Fwp%2Fv2%2Fmedia&parent=23168"}],"wp:term":[{"taxonomy":"product_cat","embeddable":true,"href":"https:\/\/pegasostore.it\/index.php?rest_route=%2Fwp%2Fv2%2Fproduct_cat&post=23168"},{"taxonomy":"product_tag","embeddable":true,"href":"https:\/\/pegasostore.it\/index.php?rest_route=%2Fwp%2Fv2%2Fproduct_tag&post=23168"}],"curies":[{"name":"wp","href":"https:\/\/api.w.org\/{rel}","templated":true}]}}