{"id":23413,"date":"2020-12-03T19:12:04","date_gmt":"2020-12-03T18:12:04","guid":{"rendered":"https:\/\/www.pegaso.store\/?post_type=product&#038;p=23413"},"modified":"2020-12-03T19:27:32","modified_gmt":"2020-12-03T18:27:32","slug":"ubiquiti-unifi-ap-ac-lite","status":"publish","type":"product","link":"https:\/\/pegasostore.it\/?product=ubiquiti-unifi-ap-ac-lite","title":{"rendered":"UBIQUITI UNIFI AP AC LITE"},"content":{"rendered":"<table class=\"table table-striped table-striped--dark technical-data__table mb-0\">\n<tbody>\n<tr>\n<th class=\"u-text-black\">\n<h2>Type<\/h2>\n<\/th>\n<td>\n<h2>UAP-AC-LITE<\/h2>\n<\/td>\n<\/tr>\n<tr>\n<th class=\"u-text-black\">Kit<\/th>\n<td>Single case<\/td>\n<\/tr>\n<tr>\n<th class=\"u-text-black\">Dual Band compatibility<\/th>\n<td>2.4 GHz and 5 GHz<\/td>\n<\/tr>\n<tr>\n<th class=\"u-text-black\">Wi-Fi frequency band<\/th>\n<td>2.4 GHz , 5 GHz<\/td>\n<\/tr>\n<tr>\n<th class=\"u-text-black\">Wi-Fi speed 2.4 GHz<\/th>\n<td>300 Mbps<\/td>\n<\/tr>\n<tr>\n<th class=\"u-text-black\">Wi-Fi speed 5 GHz<\/th>\n<td>867 Mbps<\/td>\n<\/tr>\n<tr>\n<th class=\"u-text-black\">Wi-Fi transmission rate (max.)<\/th>\n<td>1.2 Gbps<\/td>\n<\/tr>\n<tr>\n<th class=\"u-text-black\">No. of Gigabit LANs<\/th>\n<td>1 x<\/td>\n<\/tr>\n<tr>\n<th class=\"u-text-black\">Wi-Fi standard<\/th>\n<td>IEEE802.11n , IEEE802.11g , IEEE802.11b , IEEE802.11ac<\/td>\n<\/tr>\n<tr>\n<th class=\"u-text-black\">Interfaces<\/th>\n<td>LAN (10\/100\/1000 Mbps)<\/td>\n<\/tr>\n<\/tbody>\n<\/table>\n<div class=\"collapse collapse--unstyled\" data-collapse-id=\"technical-data-md\" data-screen-from=\"screenMdMin\">\n<div class=\"collapse__content is-expanded\" data-collapse-id=\"technical-data-md\" aria-expanded=\"true\" aria-hidden=\"false\">\n<table class=\"table table-striped table-striped--dark technical-data__table mb-0\">\n<tbody>\n<tr>\n<th class=\"u-text-black\">LAN data transfer rate<\/th>\n<td>1 Gbps<\/td>\n<\/tr>\n<tr>\n<th class=\"u-text-black\">Width<\/th>\n<td>160 mm<\/td>\n<\/tr>\n<tr>\n<th class=\"u-text-black\">Height<\/th>\n<td>31 mm<\/td>\n<\/tr>\n<tr>\n<th class=\"u-text-black\">Depth<\/th>\n<td>160 mm<\/td>\n<\/tr>\n<tr>\n<th class=\"u-text-black\">Product type<\/th>\n<td>Wi-Fi access point<\/td>\n<\/tr>\n<\/tbody>\n<\/table>\n<p>&nbsp;<\/p>\n<p>Il software UniFi consente la gestione in remoto con tanti punti di accesso collegati. Grazie a questo si pu\u00f2 configurare e gestire la rete wireless.<\/p>\n<p>Inoltre, il suo uso e&#8217; facile ed intuitivo, non richiede nessuna speciale istruzione. Il Sistema rileva automaticamente il collegamento di nuovi dispositivi, e fornisce tante funzioni di gestione ed opzioni di protezione.<\/p>\n<p>Utilizzando UniFi possiamo creare una rete composta da tanti punti di accesso che coprono grandi spazi, per esempio albergi, sale, scuole o grande imprese. Grazie alla sua efficienza, il prodotto che offriamo funzioner\u00e0 bene anche in altre soluzioni, anche domestiche. Il Dispositivo pu\u00f2 essere montato su parete o soffitto, viene alimentato con passivo PoE 24 V. La Prestazione della trasmissione e&#8217; di 122 mm.<\/p>\n<p>L&#8217;innovativo design dell&#8217;antenna offre un&#8217;area di copertura a lungo raggio e simmetrica, e il guadagno dell&#8217;antenna di UniFi AC Lite AP \u00e8 migliore di quello a una sola via, l&#8217;alta potenza di trasmissione lo fa per collegare client distanti. Prestazioni Dual-Radio, velocit\u00e0 Gigabit. Design elegante e ultra-compatto. L&#8217;AP UniFi AC Lite presenta un design pi\u00f9 pulito in un ingombro ridotto &#8211; met\u00e0 delle dimensioni rispetto all&#8217;AP UniFi standard. Gestione Wi-Fi aziendale scalabile.<\/p>\n<p>Il software UniFi Controller v4 \u00e8 un potente motore software wireless aziendale ideale per distribuzioni di client ad alta densit\u00e0 che richiedono basse latenze e alte prestazioni di uptime. Con le sue funzionalit\u00e0 basate su software, il piano di controllo virtuale UniFi consente una scalabilit\u00e0 illimitata sotto un unico controller centralizzato. Accedi in remoto al controller UniFi per aggiornare gli AP UniFi distribuiti mentre sei sul campo.<\/p>\n<\/div>\n<\/div>\n","protected":false},"excerpt":{"rendered":"<p style=\"text-align: justify;\">UniFi AP AC Lite e&#8217; un access point di Ubiquiti operante in standard ac.<\/p>\n<p style=\"text-align: justify;\">E&#8217; progettato per applicazione dentro edifici, funzioner\u00e0 bene anche nelle reti dove si trovano altri dispositivi che utilizzano software UniFi.<\/p>\n<p style=\"text-align: justify;\">Il Nuovo prodotto Ubiquiti UniFi AP AC Lite ha gigabit porta Ethernet, la rete pu\u00f2 trasmettere con performance fino a 300 Mb\/s a banda dei 2,4 GHz e 867 Mb\/s a 5 GHz.<\/p>\n<p style=\"text-align: justify;\">\n","protected":false},"featured_media":23414,"comment_status":"open","ping_status":"closed","template":"","meta":[],"product_cat":[64],"product_tag":[],"_links":{"self":[{"href":"https:\/\/pegasostore.it\/index.php?rest_route=\/wp\/v2\/product\/23413"}],"collection":[{"href":"https:\/\/pegasostore.it\/index.php?rest_route=\/wp\/v2\/product"}],"about":[{"href":"https:\/\/pegasostore.it\/index.php?rest_route=\/wp\/v2\/types\/product"}],"replies":[{"embeddable":true,"href":"https:\/\/pegasostore.it\/index.php?rest_route=%2Fwp%2Fv2%2Fcomments&post=23413"}],"wp:featuredmedia":[{"embeddable":true,"href":"https:\/\/pegasostore.it\/index.php?rest_route=\/wp\/v2\/media\/23414"}],"wp:attachment":[{"href":"https:\/\/pegasostore.it\/index.php?rest_route=%2Fwp%2Fv2%2Fmedia&parent=23413"}],"wp:term":[{"taxonomy":"product_cat","embeddable":true,"href":"https:\/\/pegasostore.it\/index.php?rest_route=%2Fwp%2Fv2%2Fproduct_cat&post=23413"},{"taxonomy":"product_tag","embeddable":true,"href":"https:\/\/pegasostore.it\/index.php?rest_route=%2Fwp%2Fv2%2Fproduct_tag&post=23413"}],"curies":[{"name":"wp","href":"https:\/\/api.w.org\/{rel}","templated":true}]}}